1229
What are the prime factors of 2715?
3, 5, 181
What are the prime factors of 376?
2, 47
List the prime factors of 19849.
23, 863
List the prime factors of 78330.
2, 3, 5, 7, 373
What are the prime factors of 65894?
2, 47, 701
What are the prime factors of 14025?
3, 5, 11, 17
List the prime factors of 910.
2, 5, 7, 13
List the prime factors of 1892.
2, 11, 43
What are the prime factors of 1156?
2, 17
What are the prime factors of 142?
2, 71
What are the prime factors of 1374?
2, 3, 229
List the prime factors of 1696.
2, 53
List the prime factors of 115073.
7, 17, 967
What are the prime factors of 11109?
3, 7, 23
List the prime factors of 47695.
5, 9539
What are the prime factors of 71943?
3, 23981
What are the prime factors of 88204?
2, 22051
List the prime factors of 3808.
2, 7, 17
What are the prime factors of 19147?
41, 467
What are the prime factors of 14778?
2, 3, 821
List the prime factors of 2570.
2, 5, 257
List the prime factors of 26783.
26783
List the prime factors of 658.
2, 7, 47
List the prime factors of 69113.
11, 61, 103
List the prime factors of 55345.
5, 11069
What are the prime factors of 29077?
29077
What are the prime factors of 2797?
2797
What are the prime factors of 1488?
2, 3, 31
List the prime factors of 24794.
2, 7, 11, 23
What are the prime factors of 4287?
3, 1429
List the prime factors of 107.
107
List the prime factors of 30823.
13, 2371
What are the prime factors of 830?
2, 5, 83
List the prime factors of 1518.
2, 3, 11, 23
What are the prime factors of 243?
3
List the prime factors of 171.
3, 19
List the prime factors of 1209.
3, 13, 31
List the prime factors of 45318.
2, 3, 7, 13, 83
What are the prime factors of 38660?
2, 5, 1933
List the prime factors of 3206.
2, 7, 229
List the prime factors of 3515.
5, 19, 37
What are the prime factors of 6408?
2, 3, 89
List the prime factors of 5084.
2, 31, 41
What are the prime factors of 96619?
53, 1823
What are the prime factors of 446?
2, 223
List the prime factors of 554.
2, 277
List the prime factors of 83.
83
List the prime factors of 9673.
17, 569
What are the prime factors of 186?
2, 3, 31
What are the prime factors of 125785?
5, 11, 2287
What are the prime factors of 4976?
2, 311
What are the prime factors of 37263?
3, 12421
List the prime factors of 9823.
11, 19, 47
List the prime factors of 1780.
2, 5, 89
List the prime factors of 768.
2, 3
What are the prime factors of 28797?
3, 29, 331
List the prime factors of 36465.
3, 5, 11, 13, 17
List the prime factors of 33558.
2, 3, 7, 17, 47
What are the prime factors of 911?
911
List the prime factors of 773.
773
What are the prime factors of 5106?
2, 3, 23, 37
What are the prime factors of 68861?
13, 5297
List the prime factors of 22033.
11, 2003
What are the prime factors of 121321?
121321
What are the prime factors of 120841?
7, 61, 283
What are the prime factors of 819?
3, 7, 13
What are the prime factors of 372?
2, 3, 31
List the prime factors of 2143.
2143
List the prime factors of 100878.
2, 3, 17, 23, 43
What are the prime factors of 8571?
3, 2857
What are the prime factors of 356?
2, 89
List the prime factors of 3418.
2, 1709
List the prime factors of 10465.
5, 7, 13, 23
List the prime factors of 38522.
2, 11, 17, 103
What are the prime factors of 450?
2, 3, 5
List the prime factors of 3181.
3181
What are the prime factors of 72337?
72337
List the prime factors of 12472.
2, 1559
List the prime factors of 6009.
3, 2003
List the prime factors of 156.
2, 3, 13
What are the prime factors of 7472?
2, 467
What are the prime factors of 56996?
2, 14249
List the prime factors of 3444.
2, 3, 7, 41
List the prime factors of 14261.
13, 1097
What are the prime factors of 60498?
2, 3, 3361
List the prime factors of 902.
2, 11, 41
List the prime factors of 40753.
83, 491
List the prime factors of 27571.
79, 349
List the prime factors of 54143.
29, 1867
List the prime factors of 3671.
3671
What are the prime factors of 795?
3, 5, 53
What are the prime factors of 19925?
5, 797
What are the prime factors of 1266?
2, 3, 211
List the prime factors of 4748.
2, 1187
What are the prime factors of 28453?
37, 769
List the prime factors of 1616.
2, 101
List the prime factors of 1186.
2, 593
List the prime factors of 10495.
5, 2099
What are the prime factors of 1889?
1889
What are the prime factors of 695?
5, 139
What are the prime factors of 224?
2, 7
List the prime factors of 145762.
2, 31, 2351
What are the prime factors of 483?
3, 7, 23
What are the prime factors of 2222?
2, 11, 101
List the prime factors of 1119.
3, 373
What are the prime factors of 117?
3, 13
List the prime factors of 73.
73
What are the prime factors of 34786?
2, 17393
What are the prime factors of 291?
3, 97
What are the prime factors of 14163?
3, 4721
List the prime factors of 86.
2, 43
List the prime factors of 79463.
229, 347
What are the prime factors of 1122?
2, 3, 11, 17
List the prime factors of 19281.
3, 6427
List the prime factors of 11059.
11059
What are the prime factors of 214?
2, 107
What are the prime factors of 29932?
2, 7, 1069
What are the prime factors of 68096?
2, 7, 19
List the prime factors of 15271.
15271
What are the prime factors of 6841?
6841
What are the prime factors of 2148?
2, 3, 179
List the prime factors of 87946.
2, 43973
What are the prime factors of 320?
2, 5
What are the prime factors of 65211?
3, 21737
What are the prime factors of 535?
5, 107
What are the prime factors of 1060?
2, 5, 53
List the prime factors of 51547.
19, 2713
What are the prime factors of 91951?
91951
List the prime factors of 16207.
19, 853
List the prime factors of 11847.
3, 11, 359
List the prime factors of 17533.
89, 197
What are the prime factors of 559?
13, 43
What are the prime factors of 27838?
2, 31, 449
List the prime factors of 1133.
11, 103
List the prime factors of 5351.
5351
What are the prime factors of 51678?
2, 3, 11, 29
List the prime factors of 28322.
2, 7, 17
List the prime factors of 3796.
2, 13, 73
What are the prime factors of 12431?
31, 401
What are the prime factors of 633?
3, 211
List the prime factors of 3069.
3, 11, 31
List the prime factors of 58512.
2, 3, 23, 53
List the prime factors of 126.
2, 3, 7
What are the prime factors of 35110?
2, 5, 3511
What are the prime factors of 1464?
2, 3, 61
What are the prime factors of 14077?
7, 2011
What are the prime factors of 3457?
3457
List the prime factors of 23098.
2, 11549
What are the prime factors of 63400?
2, 5, 317
List the prime factors of 1479.
3, 17, 29
List the prime factors of 10022.
2, 5011
List the prime factors of 671.
11, 61
List the prime factors of 850.
2, 5, 17
List the prime factors of 4122.
2, 3, 229
List the prime factors of 20294.
2, 73, 139
What are the prime factors of 208?
2, 13
List the prime factors of 22777.
22777
What are the prime factors of 2069?
2069
List the prime factors of 36808.
2, 43, 107
List the prime factors of 339.
3, 113
What are the prime factors of 51156?
2, 3, 7, 29
What are the prime factors of 52321?
52321
What are the prime factors of 650?
2, 5, 13
What are the prime factors of 18826?
2, 9413
What are the prime factors of 127?
127
What are the prime factors of 977?
977
What are the prime factors of 67568?
2, 41, 103
What are the prime factors of 3148?
2, 787
List the prime factors of 1183.
7, 13
List the prime factors of 18437.
103, 179
List the prime factors of 2594.
2, 1297
List the prime factors of 2327.
13, 179
List the prime factors of 2439.
3, 271
What are the prime factors of 2452?
2, 613
What are the prime factors of 64800?
2, 3, 5
List the prime factors of 1810.
2, 5, 181
List the prime factors of 165360.
2, 3, 5, 13, 53
List the prime factors of 8628.
2, 3, 719
What are the prime factors of 2807?
7, 401
What are the prime factors of 22667?
19, 1193
What are the prime factors of 34841?
34841
What are the prime factors of 4725?
3, 5, 7
What are the prime factors of 41791?
23, 79
List the prime factors of 34229.
13, 2633
What are the prime factors of 9216?
2, 3
List the prime factors of 61897.
11, 17, 331
List the prime factors of 455.
5, 7, 13
What are the prime factors of 8231?
8231
List the prime factors of 19154.
2, 61, 157
What are the prime factors of 92848?
2, 7, 829
What are the prime factors of 9873?
3, 1097
What